16. Give z(i).
-6
Let h(p) be the first derivative of -3*p**2/2 - 13*p + 33. Let d be h(-5). Let j(z) = z - z**3 + d*z - 5*z**2 + 2*z**2 + z. What is j(-3)?
-12
Let s(i) = i**3 + 337*i**2 + 54*i - 24. Let k(z) = 3*z**3 + 1088*z**2 + 162*z - 72. Let m(f) = -4*k(f) + 13*s(f). What is m(-27)?
-24
Suppose -c = -6*c + 55. Let g(y) = 107 - 3*y - 100 + y**2 - 4*y - 4*y. What is g(c)?
7
Let q(x) = -8*x - 974 + 491 + 491. Calculate q(-8).
72
Let w(t) be the first derivative of -t**5/120 - t**4/12 - 76*t**3/3 + 6. Let j(i) be the third derivative of w(i). Let m be (3/(-2))/(3/(-6)). Calculate j(m).
-5
Suppose 4*s = -3*m - 17, -3*s = 4*m + 2 + 23. Let r(b) = -b**3 - 2*b**2 + 35*b - 3. Determine r(m).
-3
Let v(g) = -2*g - 4. Let n(t) = 8*t**2 + 10*t + 20. Let p(w) = n(w) + 4*v(w). What is p(3)?
82
Suppose d - 424 = 5*d. Suppose -14*l = -27*l - 1326. Let r = l - d. Let g(c) = c**2 - 5*c - 2. Calculate g(r).
-6
Let i(r) be the second derivative of -8 - 5*r**2 - 2*r - 1/6*r**3. Calculate i(-6).
-4
Suppose 2*c + 74 = 2*x, -147 = 4*c - 4*x + x. Let j be (-2)/(c/8 - -4). Let s(h) = 15*h**3 + 4 - 29*h**3 - j*h + 15*h**3 + 4*h**2. Determine s(-5).
-1
Let h(q) be the second derivative of q**3/6 - 5*q**2 - 8*q + 274. Let p be (6 + 0)/((-2)/(-4)). What is h(p)?
2
Let m(q) = -21 + 76085*q - 3*q**2 + 4*q**2 - 76086*q - 8. Determine m(0).
-29
Let y(g) be the second derivative of -g**4/6 + 11*g**3/6 + 5*g**2/2 - 7*g + 50. What is y(7)?
-16
Suppose 440*m = 425*m - 30. Let x(i) = -21*i - 5. Determine x(m).
37
Suppose -8 = -i - 3*g - 0, 4*g - 4 = 0. Suppose -i*u = 5 - 0. Let q(p) be the second derivative of p**5/4 - p**3/3 - p**2/2 - 148*p. Calculate q(u).
-4
Let x(z) = -3 + z**2 + 13*z + 23 - 12 + 8. Let y be (6/2)/(-3)*11. What is x(y)?
-6
Let k(r) = -9*r**3 - 11*r**2 + 7*r - 6. Let p(n) = -4*n**3 - 5*n**2 + 3*n - 3. Let i be -2*2 + (44/4 - 0). Let y(w) = i*p(w) - 3*k(w). Determine y(-3).
6
Let d(j) = 3291 - 3322 - 3*j + 0*j - 5*j. Give d(-7).
25
Let o be 0/(18 + (-10 - 7)). Let u(w) = -w**3 + w + 9. Determine u(o).
9
Let h(p) be the third derivative of -p**5/60 - 11*p**4/8 - 47*p**3/3 - 138*p**2. Let t be h(-30). Let o(g) = 2*g + 2. Calculate o(t).
-6
Let o(g) = g + 3. Suppose 0*q = -12*q + 8*q. Suppose -59*k + 63*k = q. Give o(k).
3
Let c(s) be the third derivative of s**5/60 + 5*s**4/12 + s**3 + s**2. Let a = -20694 - -20684. Determine c(a).
6
Let z be 0 + (-7 - (7 + 14)). Let q(w) = 5*w + 144. Let i be q(z). Let h(n) = -6*n - 2. Let o(a) = a**2 + 30*a + 11. Let t(u) = 11*h(u) + 2*o(u). What is t(i)?
8
Let f be 5 - 1/6*-3*-6. Let d(r) = 11*r**2 - 2*r - 13. Let z(n) = -5*n**2 + n + 6. Let u(t) = 6*d(t) + 13*z(t). Calculate u(f).
6
Let k(d) be the first derivative of -d**5/30 + d**4/4 + d**3 + d**2 + 13*d + 91. Let m(u) be the second derivative of k(u). Determine m(5).
-14
Let r = -16 + 21. Let u = -26 + 28. Let g(x) = 4 + 2 + 15*x**u + 5*x - 16*x**2 - 5. Calculate g(r).
1
Let n(q) = -2*q - 1. Let j = 2 + 0. Suppose -2*z + 3*g = 7, -5*z + g = -0 - j. Let c = 3 + z. Give n(c).
-9
Suppose 4*v - 30 = 154*u - 159*u, 5*u = -5*v + 30. Let r(z) = z**3 + 3*z + 21. Calculate r(v).
21
Let v(s) = -28666*s - 28644*s + 2 + 57344*s + 2. Calculate v(-2).
-64
Let d(s) = -s**2 + s - 5. Let b(p) = -117*p + 3164. Let y be b(27). What is d(y)?
-25
Let u = 7 + -14. Let i be -3 - -3 - (-4)/2. Let c(b) = 8*b**i + 13 - 6*b + 3*b**3 - 7 + 14*b - 2*b**3. Give c(u).
-1
Suppose 23 + 32 = -5*x. Let q(m) = -66896*m + 6*m**2 + 66887*m + 16 + 4*m**2 + m**3. Give q(x).
-6
Let w(v) = v**3 - 6*v**2 - 7*v + 1. Suppose -4*r = -5*m - 9*r + 45, -4*r + 44 = 5*m. Suppose 201 = m*a + 145. Give w(a).
1
Let g be (-1677)/(-351) + 2/9. Let m(k) = -9*k**2 + k**3 - 3*k**3 - 9*k - 8 + 3*k**3 - 2*k**2 + g. Calculate m(12).
33
Let n(b) = b**2 - 2*b - 1. Suppose -4*u + 27 - 51 = 0, 0 = -5*z - 2*u + 3. Calculate n(z).
2
Let l(u) = 317*u**2 + 2*u - 5. Let d(b) = -49*b**2 - b. Let t(c) = -7*d(c) - l(c). Calculate t(-1).
26
Let h(p) = -62309*p**3 + 11 - 6 + 62308*p**3 + 5*p - 3*p**2. Let n = 3 + -7. What is h(n)?
1
Let q be 4/((-32)/(-18372))*44/11. Let k(y) = 9186*y**2 + 0*y**3 - 1 - 2*y**3 - q*y**2. Suppose 0 = -5*i - 2 + 7. What is k(i)?
-3
Let m(g) = 4*g**3 - g**2 - 5*g - 9. Let k(b) be the first derivative of 3*b**4/4 - 2*b**2 - 8*b - 139. Let z(f) = -3*k(f) + 2*m(f). Determine z(-4).
30
Suppose -69*g + 46*g = -46. Let h(o) be the second derivative of -o**3/6 + o**2/2 + 2*o. What is h(g)?
-1
Let q(y) = -2*y**2 + 2*y + 11. Let l(b) = b**3 - 22*b**2 + 6*b + 319. Let i be l(21). Calculate q(i).
-13
Let d be ((-10)/15)/(2 - (-24)/(-9)). Let s(o) = -1. Let z = -1 - 4. Let k(j) = -j - 6. Let f(g) = d*k(g) + z*s(g). Calculate f(6).
-7
Let g(x) = 8*x + 20. Suppose 6307 - 6331 = 4*a. Give g(a).
-28
Let l(o) be the third derivative of -o**6/180 + o**5/120 + 2*o**4/3 - o**3/3 - 2*o**2 + 55. Let n(p) be the second derivative of l(p). What is n(7)?
-27
Let a(g) be the first derivative of 4*g**2 - 9*g - 7/3*g**3 - 32 + 1/4*g**4. Determine a(6).
3
Let z = -5897/6 + 984. Let a(h) be the third derivative of -1/12*h**4 - z*h**3 + 16*h**2 + 0*h + 0. Calculate a(-6).
5
Let g(k) be the first derivative of k**6/180 - k**5/40 - k**4/6 + 31*k**3/3 - 59. Let f(y) be the third derivative of g(y). Give f(3).
5
Suppose 0 = 2*m + 5 - 11. Let u(h) = 10 + 4*h**2 - 2*h**m - 7 - h - 3*h**3 + 6*h**3. Let v be (-3)/((510/(-40))/(-17)). What is u(v)?
7
Let o(a) = a**2 - 8. Suppose 0 = -6*m + 5*m - 3*i + 130, -2*m + 271 = -5*i. Let q = 133 - m. Give o(q).
-8
Let w(f) = 31*f - 51. Let b(v) = -47*v + 93. Let c(y) = -9*b(y) - 14*w(y). Give c(-12).
9
Let d(y) be the third derivative of y**7/2520 + y**5/30 - 37*y**4/12 + 48*y**2. Let f(j) be the second derivative of d(j). Calculate f(0).
4
Suppose 2 = -0*p + p. Let d(a) be the first derivative of 7*a**4/4 - a**3/3 - 3*a**2/2 + a + 10443. Give d(p).
47
Let s(k) = k**3 - 4*k**2 - 8*k + 11. Let n be (39/26)/(3/10). Determine s(n).
-4
Let m(n) = n**2 + 18*n - 22. Let s(v) = -v**2 - 17*v + 22. Let d(b) = -5*m(b) - 6*s(b). Determine d(-10).
-42
Let t(r) = 2*r. Suppose -43*q + 1064 = 13*q. Suppose -4*l + q = -1, -11 = 3*o + 2*l. What is t(o)?
-14
Let p = 719 + -398. Suppose p*j = 322*j + 3. Let q(d) = 2*d**2 + 2*d + 2. Give q(j).
14
Let h(o) = -o - 27. Suppose 0 = 2*b + 7 + 3, -171 = i - 4*b. Let r = -216 - i. Give h(r).
-2
Let h be (-61)/122*4/(-2)*-1*6. Let u(b) = 9 - 2*b - 5 - 10. Calculate u(h).
6
Let f = -3548 - -3539. Let o(y) = -2*y - 13. Give o(f).
5
Let d(m) = -11*m + 3 + 9*m + 34 + 9*m. What is d(-10)?
-33
Let d be (-2)/(-3)*(-2 - -11). Let r(t) = -2*t**3 + 3*t**2 + 2*t + 7. Let c be r(0). Let p(w) = -5*w**2 + c*w + 0*w**2 + 7 + 4*w**2. Calculate p(d).
13
Let g(x) = x**2 - x + 9. Let p = 1010 - 1006. Determine g(p).
21
Let l = 14919 - 14924. Let j(h) be the second derivative of -h**4/12 - h**3 + h**2 + 2*h. Give j(l).
7
Suppose -z + 33 = -4*v, 2*z + 181 = 7*z - 4*v. Let d = z - 13. Let w(k) = 2*k + d + 24 + 24 - 71. Determine w(-5).
-9
Let s(z) = 11*z + 1. Let g = -21 - -18. Let l be g - 1 - (-3)/3. What is s(l)?
-32
Let x(v) = 24*v - 90. Let b(n) = -5*n**3 - 6*n - 7. Let t be b(-1). Give x(t).
6
Let l be 1*(3 + (-65)/20)*-4. Let f be ((-140)/(-30))/(l/(-3)). Let i(u) = u**3 + 13*u**2 - 15*u - 2. Determine i(f).
12
Let j(q) be the first derivative of q**3/3 + q**2 + 3*q + 15. Let o(x) = x**3 - 17*x**2 - 13*x - 31. Let m(u) = -6*j(u) - o(u). Give m(11).
24
Let a(f) = -25*f - 2 + 2*f + 4*f + 18 + 7*f - f**2. Let o(k) = 2*k. Let s(m) = a(m) + 6*o(m). What is s(4)?
0
Let q be (-2 - -4)*-1*26. Let y = -41 - q. Let d(c) = 8*c**2 + 4*c**2 - 25*c**2 + c + y*c**2. What is d(-2)?
-10
Let f(i) = -2*i + 2. Let l(b) = b**2 - 23*b + 116. Let q be l(8). Give f(q).
10
Let c(x) = -13*x**3 + 60*x**2 - x + 36. Let y(g) = -3*g**3 + 14*g**2 + 9. Let m(p) = 2*c(p) - 9*y(p). Give m(6).
-21
Let a(j) = -12207 + j - 12191 + 24440. Give a(-38).
4
Let n(b) = 3*b**2 - 15*b - 178*b**3 - 6 + 256*b**3 + 2 - 77*b**3. What is n(-6)?
-22
Let v(w) be the second derivative of -w**4/12 - w**3/6 + 3*w**2 + 474*w. Calculate v(0).
6
Suppose 8*n = -3*n + 1573. Let d = n + -144. Let c(v) be the second derivative of -v**4/3 + v**3/6 + v**2/2 + 7*v. Give c(d).
-4
Let u(y) = 240*y + 1445. Let a be u(-6). Let x(n) = -n**3 + 4*n**2 + 8*n - 4. Give x(